{"id":60,"date":"2024-03-19T11:03:51","date_gmt":"2024-03-19T11:03:51","guid":{"rendered":"https:\/\/devs.digiton.it\/jonicatractors\/1710244254598\/?page_id=60"},"modified":"2024-04-14T07:54:13","modified_gmt":"2024-04-14T07:54:13","slug":"azienda","status":"publish","type":"page","link":"https:\/\/devs.digiton.it\/jonicatractors\/1710244254598\/azienda\/","title":{"rendered":"Azienda"},"content":{"rendered":"\t\t<div data-elementor-type=\"wp-page\" data-elementor-id=\"60\" class=\"elementor elementor-60\" data-elementor-post-type=\"page\">\n\t\t\t\t<div class=\"elementor-element elementor-element-6370d89 e-flex e-con-boxed e-con e-parent\" data-id=\"6370d89\" data-element_type=\"container\" data-core-v316-plus=\"true\">\n\t\t\t\t\t<div class=\"e-con-inner\">\n\t\t<div class=\"elementor-element elementor-element-3d2b1ac e-con-full e-flex e-con e-child\" data-id=\"3d2b1ac\" data-element_type=\"container\">\n\t\t\t\t<div class=\"elementor-element elementor-element-8118850 elementor-widget elementor-widget-heading\" data-id=\"8118850\" data-element_type=\"widget\" data-widget_type=\"heading.default\">\n\t\t\t\t<div class=\"elementor-widget-container\">\n\t\t\t<style>\/*! elementor - v3.20.0 - 26-03-2024 *\/\n.elementor-heading-title{padding:0;margin:0;line-height:1}.elementor-widget-heading .elementor-heading-title[class*=elementor-size-]>a{color:inherit;font-size:inherit;line-height:inherit}.elementor-widget-heading .elementor-heading-title.elementor-size-small{font-size:15px}.elementor-widget-heading .elementor-heading-title.elementor-size-medium{font-size:19px}.elementor-widget-heading .elementor-heading-title.elementor-size-large{font-size:29px}.elementor-widget-heading .elementor-heading-title.elementor-size-xl{font-size:39px}.elementor-widget-heading .elementor-heading-title.elementor-size-xxl{font-size:59px}<\/style><h2 class=\"elementor-heading-title elementor-size-default\">Chi siamo<\/h2>\t\t<\/div>\n\t\t\t\t<\/div>\n\t\t\t\t<div class=\"elementor-element elementor-element-c9c0762 elementor-widget elementor-widget-text-editor\" data-id=\"c9c0762\" data-element_type=\"widget\" data-widget_type=\"text-editor.default\">\n\t\t\t\t<div class=\"elementor-widget-container\">\n\t\t\t<style>\/*! elementor - v3.20.0 - 26-03-2024 *\/\n.elementor-widget-text-editor.elementor-drop-cap-view-stacked .elementor-drop-cap{background-color:#69727d;color:#fff}.elementor-widget-text-editor.elementor-drop-cap-view-framed .elementor-drop-cap{color:#69727d;border:3px solid;background-color:transparent}.elementor-widget-text-editor:not(.elementor-drop-cap-view-default) .elementor-drop-cap{margin-top:8px}.elementor-widget-text-editor:not(.elementor-drop-cap-view-default) .elementor-drop-cap-letter{width:1em;height:1em}.elementor-widget-text-editor .elementor-drop-cap{float:left;text-align:center;line-height:1;font-size:50px}.elementor-widget-text-editor .elementor-drop-cap-letter{display:inline-block}<\/style>\t\t\t\tBenvenuti in Jonica Tractors, la vostra azienda di fiducia nel cuore del Metapontino, a Policoro, specializzata nella vendita, assistenza, noleggio e fornitura di ricambi per macchine per il movimento terra, per l\u2019agricoltura e per il giardinaggio. Con pi\u00f9 di 20 anni di esperienza, ci siamo affermati come punto di riferimento per professionisti e appassionati, offrendo soluzioni di qualit\u00e0 superiore con un servizio attento e personalizzato.\t\t\t\t\t\t<\/div>\n\t\t\t\t<\/div>\n\t\t\t\t<\/div>\n\t\t<div class=\"elementor-element elementor-element-f7d0f15 e-con-full e-flex e-con e-child\" data-id=\"f7d0f15\" data-element_type=\"container\">\n\t\t\t\t<div class=\"elementor-element elementor-element-c5d6956 elementor-widget elementor-widget-image\" data-id=\"c5d6956\" data-element_type=\"widget\" data-widget_type=\"image.default\">\n\t\t\t\t<div class=\"elementor-widget-container\">\n\t\t\t<style>\/*! elementor - v3.20.0 - 26-03-2024 *\/\n.elementor-widget-image{text-align:center}.elementor-widget-image a{display:inline-block}.elementor-widget-image a img[src$=\".svg\"]{width:48px}.elementor-widget-image img{vertical-align:middle;display:inline-block}<\/style>\t\t\t\t\t\t\t\t\t\t<img fetchpriority=\"high\" decoding=\"async\" width=\"1024\" height=\"512\" src=\"https:\/\/devs.digiton.it\/jonicatractors\/1710244254598\/wp-content\/uploads\/2024\/03\/slider-jonica-8-1024x512-1.jpg\" class=\"attachment-large size-large wp-image-71\" alt=\"\" srcset=\"https:\/\/devs.digiton.it\/jonicatractors\/1710244254598\/wp-content\/uploads\/2024\/03\/slider-jonica-8-1024x512-1.jpg 1024w, https:\/\/devs.digiton.it\/jonicatractors\/1710244254598\/wp-content\/uploads\/2024\/03\/slider-jonica-8-1024x512-1-600x300.jpg 600w, https:\/\/devs.digiton.it\/jonicatractors\/1710244254598\/wp-content\/uploads\/2024\/03\/slider-jonica-8-1024x512-1-300x150.jpg 300w, https:\/\/devs.digiton.it\/jonicatractors\/1710244254598\/wp-content\/uploads\/2024\/03\/slider-jonica-8-1024x512-1-768x384.jpg 768w\" sizes=\"(max-width: 1024px) 100vw, 1024px\" \/>\t\t\t\t\t\t\t\t\t\t\t\t\t<\/div>\n\t\t\t\t<\/div>\n\t\t\t\t<\/div>\n\t\t\t\t\t<\/div>\n\t\t\t\t<\/div>\n\t\t<div class=\"elementor-element elementor-element-7dd77f5 e-flex e-con-boxed e-con e-parent\" data-id=\"7dd77f5\" data-element_type=\"container\" data-core-v316-plus=\"true\">\n\t\t\t\t\t<div class=\"e-con-inner\">\n\t\t<div class=\"elementor-element elementor-element-fa1b8d5 e-con-full e-flex e-con e-child\" data-id=\"fa1b8d5\" data-element_type=\"container\">\n\t\t\t\t<div class=\"elementor-element elementor-element-4312322 elementor-widget elementor-widget-heading\" data-id=\"4312322\" data-element_type=\"widget\" data-widget_type=\"heading.default\">\n\t\t\t\t<div class=\"elementor-widget-container\">\n\t\t\t<h2 class=\"elementor-heading-title elementor-size-default\">La Nostra Filosofia\n<\/h2>\t\t<\/div>\n\t\t\t\t<\/div>\n\t\t\t\t<div class=\"elementor-element elementor-element-5842ae7 elementor-widget elementor-widget-text-editor\" data-id=\"5842ae7\" data-element_type=\"widget\" data-widget_type=\"text-editor.default\">\n\t\t\t\t<div class=\"elementor-widget-container\">\n\t\t\t\t\t\t\tCrediamo fermamente nel valore del lavoro duro e nell\u2019importanza di costruire relazioni solide e durature con i nostri clienti. La soddisfazione del cliente \u00e8 al centro di tutto ci\u00f2 che facciamo, ed \u00e8 per questo che ci impegniamo a offrire non solo prodotti di eccellenza, ma anche un supporto completo che va oltre la semplice transazione commerciale.\n\n\t\t\t\t\t\t<\/div>\n\t\t\t\t<\/div>\n\t\t\t\t<\/div>\n\t\t<div class=\"elementor-element elementor-element-2981913 e-con-full e-flex e-con e-child\" data-id=\"2981913\" data-element_type=\"container\">\n\t\t\t\t<div class=\"elementor-element elementor-element-b853a3e elementor-widget elementor-widget-heading\" data-id=\"b853a3e\" data-element_type=\"widget\" data-widget_type=\"heading.default\">\n\t\t\t\t<div class=\"elementor-widget-container\">\n\t\t\t<h2 class=\"elementor-heading-title elementor-size-default\">La Nostra Storia\n<\/h2>\t\t<\/div>\n\t\t\t\t<\/div>\n\t\t\t\t<div class=\"elementor-element elementor-element-f11498c elementor-widget elementor-widget-text-editor\" data-id=\"f11498c\" data-element_type=\"widget\" data-widget_type=\"text-editor.default\">\n\t\t\t\t<div class=\"elementor-widget-container\">\n\t\t\t\t\t\t\tLa storia di Jonica Tractors inizia oltre due decenni fa, frutto della passione e dell\u2019impegno dei nostri fondatori. Da allora, l\u2019azienda ha percorso un lungo cammino, crescendo e evolvendosi in risposta alle esigenze di un mercato in continuo cambiamento. La nostra missione \u00e8 sempre stata quella di fornire prodotti e servizi che rispecchiano i pi\u00f9 alti standard di qualit\u00e0, affidabilit\u00e0 e innovazione.\t\t\t\t\t\t<\/div>\n\t\t\t\t<\/div>\n\t\t\t\t<\/div>\n\t\t\t\t\t<\/div>\n\t\t\t\t<\/div>\n\t\t\t\t<\/div>\n\t\t","protected":false},"excerpt":{"rendered":"<p>Chi siamo Benvenuti in Jonica Tractors, la vostra azienda di fiducia nel cuore del Metapontino, a Policoro, specializzata nella vendita, [&hellip;]<\/p>\n","protected":false},"author":1,"featured_media":0,"parent":0,"menu_order":0,"comment_status":"closed","ping_status":"closed","template":"","meta":{"site-sidebar-layout":"no-sidebar","site-content-layout":"","ast-site-content-layout":"full-width-container","site-content-style":"default","site-sidebar-style":"default","ast-global-header-display":"","ast-banner-title-visibility":"","ast-main-header-display":"","ast-hfb-above-header-display":"","ast-hfb-below-header-display":"","ast-hfb-mobile-header-display":"","site-post-title":"disabled","ast-breadcrumbs-content":"","ast-featured-img":"disabled","footer-sml-layout":"","theme-transparent-header-meta":"","adv-header-id-meta":"","stick-header-meta":"","header-above-stick-meta":"","header-main-stick-meta":"","header-below-stick-meta":"","astra-migrate-meta-layouts":"default","ast-page-background-enabled":"default","ast-page-background-meta":{"desktop":{"background-color":"var(--ast-global-color-4)","background-image":"","background-repeat":"repeat","background-position":"center center","background-size":"auto","background-attachment":"scroll","background-type":"","background-media":"","overlay-type":"","overlay-color":"","overlay-gradient":""},"tablet":{"background-color":"","background-image":"","background-repeat":"repeat","background-position":"center center","background-size":"auto","background-attachment":"scroll","background-type":"","background-media":"","overlay-type":"","overlay-color":"","overlay-gradient":""},"mobile":{"background-color":"","background-image":"","background-repeat":"repeat","background-position":"center center","background-size":"auto","background-attachment":"scroll","background-type":"","background-media":"","overlay-type":"","overlay-color":"","overlay-gradient":""}},"ast-content-background-meta":{"desktop":{"background-color":"var(--ast-global-color-5)","background-image":"","background-repeat":"repeat","background-position":"center center","background-size":"auto","background-attachment":"scroll","background-type":"","background-media":"","overlay-type":"","overlay-color":"","overlay-gradient":""},"tablet":{"background-color":"var(--ast-global-color-5)","background-image":"","background-repeat":"repeat","background-position":"center center","background-size":"auto","background-attachment":"scroll","background-type":"","background-media":"","overlay-type":"","overlay-color":"","overlay-gradient":""},"mobile":{"background-color":"var(--ast-global-color-5)","background-image":"","background-repeat":"repeat","background-position":"center center","background-size":"auto","background-attachment":"scroll","background-type":"","background-media":"","overlay-type":"","overlay-color":"","overlay-gradient":""}},"footnotes":""},"class_list":["post-60","page","type-page","status-publish","hentry"],"_links":{"self":[{"href":"https:\/\/devs.digiton.it\/jonicatractors\/1710244254598\/wp-json\/wp\/v2\/pages\/60","targetHints":{"allow":["GET"]}}],"collection":[{"href":"https:\/\/devs.digiton.it\/jonicatractors\/1710244254598\/wp-json\/wp\/v2\/pages"}],"about":[{"href":"https:\/\/devs.digiton.it\/jonicatractors\/1710244254598\/wp-json\/wp\/v2\/types\/page"}],"author":[{"embeddable":true,"href":"https:\/\/devs.digiton.it\/jonicatractors\/1710244254598\/wp-json\/wp\/v2\/users\/1"}],"replies":[{"embeddable":true,"href":"https:\/\/devs.digiton.it\/jonicatractors\/1710244254598\/wp-json\/wp\/v2\/comments?post=60"}],"version-history":[{"count":16,"href":"https:\/\/devs.digiton.it\/jonicatractors\/1710244254598\/wp-json\/wp\/v2\/pages\/60\/revisions"}],"predecessor-version":[{"id":227,"href":"https:\/\/devs.digiton.it\/jonicatractors\/1710244254598\/wp-json\/wp\/v2\/pages\/60\/revisions\/227"}],"wp:attachment":[{"href":"https:\/\/devs.digiton.it\/jonicatractors\/1710244254598\/wp-json\/wp\/v2\/media?parent=60"}],"curies":[{"name":"wp","href":"https:\/\/api.w.org\/{rel}","templated":true}]}}